st the prime factors of j(f).
2
Let m be ((-4)/(-3))/((-32)/(-3600)). Suppose 4*a - 142 = m. What are the prime factors of a?
73
Suppose -3*t = -2*t + l - 11, -25 = 5*l. Suppose -t - 4 = -5*i. Suppose i*h - 54 = -5*a, -2*h + 5*a = -4 - 38. List the prime factors of h.
2
Let o(n) = 4*n**2 - 2*n + 3. Let q be o(2). Let l = q - -24. Suppose 5*i = -y + 17, -4*y + l = -3*i - 6. What are the prime factors of y?
2, 3
Suppose -p + 115 + 468 = 0. What are the prime factors of p?
11, 53
Let h(f) = 374*f + 17. List the prime factors of h(1).
17, 23
Let x = 1504 - 706. Suppose -32*z + 26*z + x = 0. What are the prime factors of z?
7, 19
Let s(a) be the first derivative of a**4/4 + 3*a**3 + 5*a**2 + 9*a - 22. Let g be -4 - (0 - (-2 - 1)). What are the prime factors of s(g)?
37
Suppose 4*p = -5*z + 14017, 5*p - 1838 - 15675 = 2*z. List the prime factors of p.
31, 113
Suppose 2*l - 10 = -3*l - 3*y, -4*l = -2*y - 8. Suppose l*a + 54 = 8*a. Suppose -140 = -a*x + 4*x. What are the prime factors of x?
2, 7
Let c(v) = v**3 - 3*v**2 - 4*v + 1. Suppose 0*q - 825 = -5*q. Let y be ((-4)/(-6))/(22/q). What are the prime factors of c(y)?
31
Suppose -826 = -8*j + 342. Suppose 7*p - 9*p + j = 0. What are the prime factors of p?
73
Let o = 73 - -77. What are the prime factors of o?
2, 3, 5
Let a be 40/15*(5 - 28/8). Let b(z) = 15*z**2. Let t be b(-1). Suppose -t = -7*s + a*s. List the prime factors of s.
5
Let n = -308 - -452. Suppose -a - 4*p = -n, -p + 5 = 4*a - 556. Suppose 0*c - a = -4*c. List the prime factors of c.
5, 7
Let z(q) = -q**3 - 6*q**2 + 6*q + 11. Suppose -12*i + 10*i = 16. List the prime factors of z(i).
7, 13
Suppose 47*v - 325 - 145 = 0. Let q = -1 + -4. List the prime factors of (q + 8)/(6/v).
5
Let t(c) = -c**3 + 19*c**2 + 24*c - 68. What are the prime factors of t(17)?
2, 3, 17
List the prime factors of -19 - -2098 - (-1 + -1 - -2).
3, 7, 11
Suppose 0*c - 113 = -3*u - 5*c, 4*u + 5*c - 149 = 0. Let m = 98 - u. What are the prime factors of m?
2, 31
Let n be ((-12)/10)/((-10)/(-25)). What are the prime factors of (n - 3)*(-5)/3?
2, 5
Suppose 0 = x - 5*l - 192, -2*l + 354 = 2*x + 3*l. What are the prime factors of x?
2, 7, 13
Let z be -2 - (26 - 0/1). Suppose -2*p - 2*p - 30 = t, 0 = -2*t - 3*p - 65. Let j = z - t. List the prime factors of j.
2, 3
Suppose 6643 + 7005 = 4*q - 4*u, 2*u - 17088 = -5*q. What are the prime factors of q?
2, 7, 61
Let t = -30 - -56. Suppose 4*q + m + 36 = 0, 0*q + 5*m = -2*q. Let z = t + q. List the prime factors of z.
2
Suppose -29*g + 73382 = 29186. What are the prime factors of g?
2, 3, 127
Let g(q) = -7*q**2 - 6*q - 2. Let v be g(-4). Let p = -25 - v. What are the prime factors of p?
5, 13
Suppose 2*k = -k + 15. Suppose 109 = 5*q - 3*y, 0 = 4*q - 5*y - 27 - 55. Let z = q - k. List the prime factors of z.
2, 3
List the prime factors of (36/(-132) - 2626/(-110))*170.
2, 17, 59
Suppose 0 = -5*c + 4*r + 81, 2*r - 52 - 35 = -5*c. Suppose 21 = 2*m - c. What are the prime factors of m?
19
Let j = -5 - 35. List the prime factors of 4/j*4*-125.
2, 5
Let t be 49/3 + (-4)/(-6). Suppose -2*m = -m - 5, -4*m + 65 = 5*r. Let q = t - r. What are the prime factors of q?
2
Let r be 4 + -2 - (-9)/1. Let a(j) = -j**2 + 12*j + 4. List the prime factors of a(r).
3, 5
Let z be (15/(-20))/((-1)/(-12)*-1). Suppose 750 = -3*a + z*a. What are the prime factors of a?
5
Let c be 22/(-55) - 2/(-5). Suppose r + 0*r - 9 = c. What are the prime factors of r?
3
Let g(y) = -6*y + 13. Let j(r) be the third derivative of -r**6/120 - 19*r**5/60 - r**3 - 6*r**2. Let t be j(-19). What are the prime factors of g(t)?
7
Let s = -297 - -468. What are the prime factors of (s/2 + (-8)/(-16))*2?
2, 43
Let d be ((-8)/2)/(-1) + -2. Suppose -5 = -0*f - f, -4*f + 28 = d*w. Suppose 117 = w*b - 91. What are the prime factors of b?
2, 13
Let l(c) = 3*c + 17. Let z be l(-7). Let p = 36 + z. What are the prime factors of p?
2
Let f be 2*((-3)/(-2) + 3). Let s(l) = 7*l - 20. List the prime factors of s(f).
43
Suppose -2*m - 6 = 4*b, -5*b - 3*m + 2 = 9. List the prime factors of (-25)/b*-1*(-10)/5.
5
Let l(r) = 4*r**2 - 3*r - 76. List the prime factors of l(14).
2, 3, 37
Suppose 10*o - 57 = 7*o. Let a = o - -6. List the prime factors of a.
5
Let j(t) = 7*t**3 - 1. Let p be j(1). Let x(z) = -2 + 6 - 3*z**2 - z**3 + p*z + 3 - 1. What are the prime factors of x(-5)?
2, 13
Let v = -119 + 266. Let a = -97 + v. List the prime factors of a.
2, 5
Let u be (-36)/27*(0 + 6). List the prime factors of (277/(-4))/(2/u).
277
Let o = 9 - 3. Let n be o*(8/(-3) - -3). Suppose -2*k + n*f + 54 = -0*k, 0 = 4*k + 2*f - 108. What are the prime factors of k?
3
Let h(s) = s**3 - s + 73. Suppose -2*j - 2*j = 0. Let i be h(j). Let d = i - 46. List the prime factors of d.
3
Let d = 15 + 9. Let l = 84 - d. List the prime factors of l.
2, 3, 5
Let v(r) = -29*r + 561. What are the prime factors of v(-16)?
5, 41
Let o = -3257 - -4664. What are the prime factors of o?
3, 7, 67
Suppose 16 = -4*x, 0 = -5*w - 2*x + 1134 - 332. Let v(h) = -7*h**2 + 4*h + 1. Let n be v(4). Let l = w + n. What are the prime factors of l?
67
Suppose 9 = 7*i - 19. List the prime factors of (-1 + 1)/(i/2) - -31.
31
Suppose 5*c - 96 = -4*u, -8*c + 3*c + 5*u = -60. Suppose c*i = 22*i - 714. What are the prime factors of i?
7, 17
Let b = -5 - -12. Suppose 4*q + 1 = -b. What are the prime factors of (-6)/(0 + q/7)?
3, 7
Let t(n) = -n**3 + 10*n**2 + 13*n - 20. Let s be t(11). Suppose -f + 169 = 2*u, s*f = 3*f - u - 175. List the prime factors of f.
173
Let q(o) = o**3 - 26*o**2 + o + 38. List the prime factors of q(27).
2, 397
Suppose -v - 17 = 1. Let f(j) = -j**2 - 17*j + 20. Let s be f(v). Suppose 2*m + 30 = u - m, -u + s*m + 27 = 0. What are the prime factors of u?
3, 7
Let w = 20 + -14. Let p be (12/(-4))/(w/(-4)). Suppose -r + p*k + 101 = 2*r, 0 = -4*r - 2*k + 158. What are the prime factors of r?
37
Suppose -95979 = -53*t + 71713. What are the prime factors of t?
2, 7, 113
Let j(g) be the first derivative of -g**6/180 + 13*g**5/120 - 8*g**3/3 + 3. Let o(y) be the third derivative of j(y). List the prime factors of o(6).
2, 3
Suppose 9747 = 25*y - 6*y. List the prime factors of y.
3, 19
Let o be ((-19)/(-5))/((-10)/(-50)). Suppose 3*d = -7*u + 3*u, -4*d - o = -u. What are the prime factors of (-2)/u*(-6)/2?
2
Suppose 5*l + 7*o - 8*o - 7276 = 0, 2*l + o = 2916. What are the prime factors of l?
2, 7, 13
Let i(k) = k**3 + 15*k**2 + 2*k - 20. Let w be i(-15). Let t = -25 - w. List the prime factors of t.
5
Let k = 3789 - 2371. List the prime factors of k.
2, 709
Suppose -5*l + 2*i + 5147 = 0, 316*i = -l + 312*i + 1025. List the prime factors of l.
3, 7
List the prime factors of 2*2796/(-10)*-5.
2, 3, 233
Let l(c) = -3*c + 11*c**2 + 1 + c**2 + c**3 + 0. Suppose -12*u = -31*u - 228. What are the prime factors of l(u)?
37
Let z be (-3801)/(-27) + 1 - (-4)/18. Suppose -f - 5*l + z = 0, 4*f - 442 = -l + 126. List the prime factors of f.
2, 71
Suppose 0 = 2*b - 5*b + 57. Let z = -6 + b. What are the prime factors of z?
13
Let y = 9 - 5. Suppose -y*h + 117 = t + 5, -13 = -h - 4*t. What are the prime factors of h?
29
Suppose 5*g - 2*g - 132 = -3*i, -76 = -2*i - 5*g. Suppose 29 + 56 = 5*c. Let f = i - c. What are the prime factors of f?
31
Let g(k) = 41*k - 15. Let x be g(2). Suppose 44 = h - x. What are the prime factors of h?
3, 37
Suppose 3*l - 4289 = -5*i, 27*l - 29*l + 6 = 0. What are the prime factors of i?
2, 107
Let x = -680 - -2493. List the prime factors of x.
7, 37
Let f = -72 + 74. Suppose -z + 67 = 5*a - 200, 2*a = f. What are the prime factors of z?
2, 131
Suppose 2*u = -s + 8, 5*u - u = -s + 4. Let a(r) = -5*r - s + 3 + 4 - 10. List the prime factors of a(-6).
3, 5
Let p(a) = -2*a**2 + 122*a + 86. What are the prime factors of p(52)?
2, 7, 73
Let p(w) = w**3 - 6*w**2 + 5. Let k be p(6). Suppose k*l = -5*j + 524 - 114, l = 0. List the prime factors of j.
2, 41
Let v = 59 + -196. Let m(c) = 195*c**2. Let j be m(-1). Let d = j + v. What are the prime factors of d?
2, 29
What are the prime factors of 16/(-56) + 3224/14?
2, 5, 23
Suppose 0*u + 3 = u. Suppose u*f - 8*f - x = -195, f - x = 39. What are the prime factors of f?
3, 13
Let c be (-6)/5*(-5)/2. Suppose 0 = 8*l - 246 + 14. Suppose -c*a = -182 + l. What are the prime factors 